{"id":220,"date":"2020-05-12T03:43:05","date_gmt":"2020-05-12T03:43:05","guid":{"rendered":"http:\/\/chemins-essenciel.fr\/?page_id=220"},"modified":"2025-04-03T12:57:31","modified_gmt":"2025-04-03T12:57:31","slug":"contact","status":"publish","type":"page","link":"https:\/\/chemins-essenciel.fr\/?page_id=220","title":{"rendered":"Contact"},"content":{"rendered":"\n<div class=\"wp-block-cover alignfull is-light has-parallax\" style=\"min-height:413px;aspect-ratio:unset;\"><span aria-hidden=\"true\" class=\"wp-block-cover__background has-ast-global-color-1-background-color has-background-dim\"><\/span><div role=\"img\" class=\"wp-block-cover__image-background wp-image-696 has-parallax\" style=\"background-position:50% 50%;background-image:url(http:\/\/chemins-essenciel.fr\/wp-content\/uploads\/2022\/02\/Fleurs-de-Bach-edited.jpg)\"><\/div><div class=\"wp-block-cover__inner-container is-layout-flow wp-block-cover-is-layout-flow\">\n<p><\/p>\n\n\n\n<h1 class=\"has-text-align-center has-white-color has-text-color wp-block-heading\" style=\"text-transform:capitalize\">Contact<\/h1>\n<\/div><\/div>\n\n\n\n<p><\/p>\n\n\n\n<p><\/p>\n\n\n\n<p class=\"has-text-align-center has-medium-font-size\">Les accompagnements en Sophrologie et en Fleurs de Bach peuvent se d\u00e9rouler en <strong>cabinet<\/strong>, <strong>\u00e0 domicile<\/strong> ou en <strong>visio<\/strong>*<\/p>\n\n\n\n<p class=\"has-text-align-center has-small-font-size\">*en fonction du secteur g\u00e9ographique pour les s\u00e9ances \u00e0 domicile des frais suppl\u00e9mentaires pourront \u00eatre appliqu\u00e9s<\/p>\n\n\n\n<div class=\"inherit-container-width wp-block-group alignfull has-white-background-color has-background is-layout-constrained wp-block-group-is-layout-constrained\">\n<div class=\"wp-block-columns is-layout-flex wp-container-core-columns-is-layout-28f84493 wp-block-columns-is-layout-flex\">\n<div class=\"wp-block-column is-layout-flow wp-block-column-is-layout-flow\">\n<h3 class=\"wp-block-heading\" style=\"text-transform:capitalize\">T\u00e9l\u00e9phone<\/h3>\n\n\n\n<p>07.88.60.39.55<\/p>\n\n\n\n<h3 class=\"wp-block-heading\" style=\"text-transform:capitalize\">Email<\/h3>\n\n\n\n<p><a href=\"mailto:laurie.schuchard-delecambre@outlook.fr\" target=\"_blank\" rel=\"noreferrer noopener\">laurie.schuchard-delecambre@outlook.fr<\/a><\/p>\n\n\n\n<h3 class=\"wp-block-heading\" style=\"text-transform:capitalize\">horaires<\/h3>\n\n\n\n<p>Du lundi au vendredi &#8211;  A domicile ou en visio &#8211; sur rd-vs -Secteur Val d&rsquo;Europe et Pays de Meaux<br>Samedi \u2014 14h &#8211; 20h &#8211; En cabinet  \u00e0 Coupvray &#8211; sur rd-vs<\/p>\n<\/div>\n<\/div>\n<\/div>\n\n\n\n<div class=\"inherit-container-width wp-block-group alignfull has-white-background-color has-background is-layout-constrained wp-block-group-is-layout-constrained\">\n<iframe src=\"https:\/\/www.google.com\/maps\/embed?pb=!1m18!1m12!1m3!1d2623.2194293418465!2d2.802235451428835!3d48.8921551791891!2m3!1f0!2f0!3f0!3m2!1i1024!2i768!4f13.1!3m3!1m2!1s0x47e61d252c9da617%3A0x5c4f777b0b597cad!2sLaurie%20S-D%20Sophrologue%20et%20Praticienne%20en%20Fleurs%20de%20Bach!5e0!3m2!1sfr!2sfr!4v1649098936851!5m2!1sfr!2sfr\" width=\"600\" height=\"450\" style=\"border:0;\" allowfullscreen=\"\" loading=\"lazy\" referrerpolicy=\"no-referrer-when-downgrade\"><\/iframe>\n<\/div>\n","protected":false},"excerpt":{"rendered":"<p>Les accompagnements en Sophrologie et en Fleurs de Bach peuvent se d\u00e9rouler en cabinet, \u00e0 domicile ou en visio* *en fonction du secteur g\u00e9ographique pour les s\u00e9ances \u00e0 domicile des frais suppl\u00e9mentaires pourront \u00eatre appliqu\u00e9s T\u00e9l\u00e9phone 07.88.60.39.55 Email laurie.schuchard-delecambre@outlook.fr horaires Du lundi au vendredi &#8211; A domicile ou en visio &#8211; sur rd-vs -Secteur Val [&hellip;]<\/p>\n","protected":false},"author":1,"featured_media":0,"parent":0,"menu_order":0,"comment_status":"closed","ping_status":"closed","template":"","meta":{"om_disable_all_campaigns":false,"_monsterinsights_skip_tracking":false,"_monsterinsights_sitenote_active":false,"_monsterinsights_sitenote_note":"","_monsterinsights_sitenote_category":0,"site-sidebar-layout":"no-sidebar","site-content-layout":"plain-container","ast-site-content-layout":"default","site-content-style":"default","site-sidebar-style":"default","ast-global-header-display":"","ast-banner-title-visibility":"","ast-main-header-display":"","ast-hfb-above-header-display":"","ast-hfb-below-header-display":"","ast-hfb-mobile-header-display":"","site-post-title":"disabled","ast-breadcrumbs-content":"","ast-featured-img":"","footer-sml-layout":"","theme-transparent-header-meta":"enabled","adv-header-id-meta":"","stick-header-meta":"","header-above-stick-meta":"","header-main-stick-meta":"","header-below-stick-meta":"","astra-migrate-meta-layouts":"default","ast-page-background-enabled":"default","ast-page-background-meta":{"desktop":{"background-color":"","background-image":"","background-repeat":"repeat","background-position":"center center","background-size":"auto","background-attachment":"scroll","background-type":"","background-media":"","overlay-type":"","overlay-color":"","overlay-opacity":"","overlay-gradient":""},"tablet":{"background-color":"","background-image":"","background-repeat":"repeat","background-position":"center center","background-size":"auto","background-attachment":"scroll","background-type":"","background-media":"","overlay-type":"","overlay-color":"","overlay-opacity":"","overlay-gradient":""},"mobile":{"background-color":"","background-image":"","background-repeat":"repeat","background-position":"center center","background-size":"auto","background-attachment":"scroll","background-type":"","background-media":"","overlay-type":"","overlay-color":"","overlay-opacity":"","overlay-gradient":""}},"ast-content-background-meta":{"desktop":{"background-color":"var(--ast-global-color-5)","background-image":"","background-repeat":"repeat","background-position":"center center","background-size":"auto","background-attachment":"scroll","background-type":"","background-media":"","overlay-type":"","overlay-color":"","overlay-opacity":"","overlay-gradient":""},"tablet":{"background-color":"var(--ast-global-color-5)","background-image":"","background-repeat":"repeat","background-position":"center center","background-size":"auto","background-attachment":"scroll","background-type":"","background-media":"","overlay-type":"","overlay-color":"","overlay-opacity":"","overlay-gradient":""},"mobile":{"background-color":"var(--ast-global-color-5)","background-image":"","background-repeat":"repeat","background-position":"center center","background-size":"auto","background-attachment":"scroll","background-type":"","background-media":"","overlay-type":"","overlay-color":"","overlay-opacity":"","overlay-gradient":""}},"footnotes":""},"class_list":["post-220","page","type-page","status-publish","hentry"],"yoast_head":"<!-- This site is optimized with the Yoast SEO plugin v19.8 - https:\/\/yoast.com\/wordpress\/plugins\/seo\/ -->\n<title>Contact - chemins-essenciel.fr<\/title>\n<meta name=\"robots\" content=\"index, follow, max-snippet:-1, max-image-preview:large, max-video-preview:-1\" \/>\n<link rel=\"canonical\" href=\"https:\/\/chemins-essenciel.fr\/?page_id=220\" \/>\n<meta property=\"og:locale\" content=\"fr_FR\" \/>\n<meta property=\"og:type\" content=\"article\" \/>\n<meta property=\"og:title\" content=\"Contact - chemins-essenciel.fr\" \/>\n<meta property=\"og:description\" content=\"Les accompagnements en Sophrologie et en Fleurs de Bach peuvent se d\u00e9rouler en cabinet, \u00e0 domicile ou en visio* *en fonction du secteur g\u00e9ographique pour les s\u00e9ances \u00e0 domicile des frais suppl\u00e9mentaires pourront \u00eatre appliqu\u00e9s T\u00e9l\u00e9phone 07.88.60.39.55 Email laurie.schuchard-delecambre@outlook.fr horaires Du lundi au vendredi &#8211; A domicile ou en visio &#8211; sur rd-vs -Secteur Val [&hellip;]\" \/>\n<meta property=\"og:url\" content=\"https:\/\/chemins-essenciel.fr\/?page_id=220\" \/>\n<meta property=\"og:site_name\" content=\"chemins-essenciel.fr\" \/>\n<meta property=\"article:modified_time\" content=\"2025-04-03T12:57:31+00:00\" \/>\n<meta name=\"twitter:card\" content=\"summary_large_image\" \/>\n<meta name=\"twitter:label1\" content=\"Dur\u00e9e de lecture estim\u00e9e\" \/>\n\t<meta name=\"twitter:data1\" content=\"1 minute\" \/>\n<script type=\"application\/ld+json\" class=\"yoast-schema-graph\">{\"@context\":\"https:\/\/schema.org\",\"@graph\":[{\"@type\":\"WebPage\",\"@id\":\"https:\/\/chemins-essenciel.fr\/?page_id=220\",\"url\":\"https:\/\/chemins-essenciel.fr\/?page_id=220\",\"name\":\"Contact - chemins-essenciel.fr\",\"isPartOf\":{\"@id\":\"https:\/\/chemins-essenciel.fr\/#website\"},\"datePublished\":\"2020-05-12T03:43:05+00:00\",\"dateModified\":\"2025-04-03T12:57:31+00:00\",\"breadcrumb\":{\"@id\":\"https:\/\/chemins-essenciel.fr\/?page_id=220#breadcrumb\"},\"inLanguage\":\"fr-FR\",\"potentialAction\":[{\"@type\":\"ReadAction\",\"target\":[\"https:\/\/chemins-essenciel.fr\/?page_id=220\"]}]},{\"@type\":\"BreadcrumbList\",\"@id\":\"https:\/\/chemins-essenciel.fr\/?page_id=220#breadcrumb\",\"itemListElement\":[{\"@type\":\"ListItem\",\"position\":1,\"name\":\"Accueil\",\"item\":\"https:\/\/chemins-essenciel.fr\/\"},{\"@type\":\"ListItem\",\"position\":2,\"name\":\"Contact\"}]},{\"@type\":\"WebSite\",\"@id\":\"https:\/\/chemins-essenciel.fr\/#website\",\"url\":\"https:\/\/chemins-essenciel.fr\/\",\"name\":\"chemins-essenciel.fr\",\"description\":\"Just another WordPress site\",\"publisher\":{\"@id\":\"https:\/\/chemins-essenciel.fr\/#organization\"},\"potentialAction\":[{\"@type\":\"SearchAction\",\"target\":{\"@type\":\"EntryPoint\",\"urlTemplate\":\"https:\/\/chemins-essenciel.fr\/?s={search_term_string}\"},\"query-input\":\"required name=search_term_string\"}],\"inLanguage\":\"fr-FR\"},{\"@type\":\"Organization\",\"@id\":\"https:\/\/chemins-essenciel.fr\/#organization\",\"name\":\"chemins-essenciel.fr\",\"url\":\"https:\/\/chemins-essenciel.fr\/\",\"sameAs\":[],\"logo\":{\"@type\":\"ImageObject\",\"inLanguage\":\"fr-FR\",\"@id\":\"https:\/\/chemins-essenciel.fr\/#\/schema\/logo\/image\/\",\"url\":\"https:\/\/chemins-essenciel.fr\/wp-content\/uploads\/2022\/03\/cropped-Illustration-2500px-transparent-1.png\",\"contentUrl\":\"https:\/\/chemins-essenciel.fr\/wp-content\/uploads\/2022\/03\/cropped-Illustration-2500px-transparent-1.png\",\"width\":2500,\"height\":1676,\"caption\":\"chemins-essenciel.fr\"},\"image\":{\"@id\":\"https:\/\/chemins-essenciel.fr\/#\/schema\/logo\/image\/\"}}]}<\/script>\n<!-- \/ Yoast SEO plugin. -->","yoast_head_json":{"title":"Contact - chemins-essenciel.fr","robots":{"index":"index","follow":"follow","max-snippet":"max-snippet:-1","max-image-preview":"max-image-preview:large","max-video-preview":"max-video-preview:-1"},"canonical":"https:\/\/chemins-essenciel.fr\/?page_id=220","og_locale":"fr_FR","og_type":"article","og_title":"Contact - chemins-essenciel.fr","og_description":"Les accompagnements en Sophrologie et en Fleurs de Bach peuvent se d\u00e9rouler en cabinet, \u00e0 domicile ou en visio* *en fonction du secteur g\u00e9ographique pour les s\u00e9ances \u00e0 domicile des frais suppl\u00e9mentaires pourront \u00eatre appliqu\u00e9s T\u00e9l\u00e9phone 07.88.60.39.55 Email laurie.schuchard-delecambre@outlook.fr horaires Du lundi au vendredi &#8211; A domicile ou en visio &#8211; sur rd-vs -Secteur Val [&hellip;]","og_url":"https:\/\/chemins-essenciel.fr\/?page_id=220","og_site_name":"chemins-essenciel.fr","article_modified_time":"2025-04-03T12:57:31+00:00","twitter_card":"summary_large_image","twitter_misc":{"Dur\u00e9e de lecture estim\u00e9e":"1 minute"},"schema":{"@context":"https:\/\/schema.org","@graph":[{"@type":"WebPage","@id":"https:\/\/chemins-essenciel.fr\/?page_id=220","url":"https:\/\/chemins-essenciel.fr\/?page_id=220","name":"Contact - chemins-essenciel.fr","isPartOf":{"@id":"https:\/\/chemins-essenciel.fr\/#website"},"datePublished":"2020-05-12T03:43:05+00:00","dateModified":"2025-04-03T12:57:31+00:00","breadcrumb":{"@id":"https:\/\/chemins-essenciel.fr\/?page_id=220#breadcrumb"},"inLanguage":"fr-FR","potentialAction":[{"@type":"ReadAction","target":["https:\/\/chemins-essenciel.fr\/?page_id=220"]}]},{"@type":"BreadcrumbList","@id":"https:\/\/chemins-essenciel.fr\/?page_id=220#breadcrumb","itemListElement":[{"@type":"ListItem","position":1,"name":"Accueil","item":"https:\/\/chemins-essenciel.fr\/"},{"@type":"ListItem","position":2,"name":"Contact"}]},{"@type":"WebSite","@id":"https:\/\/chemins-essenciel.fr\/#website","url":"https:\/\/chemins-essenciel.fr\/","name":"chemins-essenciel.fr","description":"Just another WordPress site","publisher":{"@id":"https:\/\/chemins-essenciel.fr\/#organization"},"potentialAction":[{"@type":"SearchAction","target":{"@type":"EntryPoint","urlTemplate":"https:\/\/chemins-essenciel.fr\/?s={search_term_string}"},"query-input":"required name=search_term_string"}],"inLanguage":"fr-FR"},{"@type":"Organization","@id":"https:\/\/chemins-essenciel.fr\/#organization","name":"chemins-essenciel.fr","url":"https:\/\/chemins-essenciel.fr\/","sameAs":[],"logo":{"@type":"ImageObject","inLanguage":"fr-FR","@id":"https:\/\/chemins-essenciel.fr\/#\/schema\/logo\/image\/","url":"https:\/\/chemins-essenciel.fr\/wp-content\/uploads\/2022\/03\/cropped-Illustration-2500px-transparent-1.png","contentUrl":"https:\/\/chemins-essenciel.fr\/wp-content\/uploads\/2022\/03\/cropped-Illustration-2500px-transparent-1.png","width":2500,"height":1676,"caption":"chemins-essenciel.fr"},"image":{"@id":"https:\/\/chemins-essenciel.fr\/#\/schema\/logo\/image\/"}}]}},"_links":{"self":[{"href":"https:\/\/chemins-essenciel.fr\/index.php?rest_route=\/wp\/v2\/pages\/220","targetHints":{"allow":["GET"]}}],"collection":[{"href":"https:\/\/chemins-essenciel.fr\/index.php?rest_route=\/wp\/v2\/pages"}],"about":[{"href":"https:\/\/chemins-essenciel.fr\/index.php?rest_route=\/wp\/v2\/types\/page"}],"author":[{"embeddable":true,"href":"https:\/\/chemins-essenciel.fr\/index.php?rest_route=\/wp\/v2\/users\/1"}],"replies":[{"embeddable":true,"href":"https:\/\/chemins-essenciel.fr\/index.php?rest_route=%2Fwp%2Fv2%2Fcomments&post=220"}],"version-history":[{"count":19,"href":"https:\/\/chemins-essenciel.fr\/index.php?rest_route=\/wp\/v2\/pages\/220\/revisions"}],"predecessor-version":[{"id":1540,"href":"https:\/\/chemins-essenciel.fr\/index.php?rest_route=\/wp\/v2\/pages\/220\/revisions\/1540"}],"wp:attachment":[{"href":"https:\/\/chemins-essenciel.fr\/index.php?rest_route=%2Fwp%2Fv2%2Fmedia&parent=220"}],"curies":[{"name":"wp","href":"https:\/\/api.w.org\/{rel}","templated":true}]}}