{"id":218,"date":"2020-05-12T03:43:04","date_gmt":"2020-05-12T03:43:04","guid":{"rendered":"http:\/\/chemins-essenciel.fr\/?page_id=218"},"modified":"2022-08-25T15:39:13","modified_gmt":"2022-08-25T15:39:13","slug":"about","status":"publish","type":"page","link":"https:\/\/chemins-essenciel.fr\/?page_id=218","title":{"rendered":"Qui Suis-je?"},"content":{"rendered":"\n<div class=\"wp-block-cover alignfull is-light has-parallax\" style=\"background-image:url(http:\/\/chemins-essenciel.fr\/wp-content\/uploads\/2022\/02\/Fleurs-de-Bach-edited.jpg);min-height:200px;aspect-ratio:unset;\"><span aria-hidden=\"true\" class=\"wp-block-cover__background has-ast-global-color-1-background-color has-background-dim\"><\/span><div class=\"wp-block-cover__inner-container is-layout-flow wp-block-cover-is-layout-flow\">\n<h1 class=\"has-text-align-center has-white-color has-text-color wp-block-heading\" style=\"text-transform:capitalize\">\u200b<\/h1>\n<\/div><\/div>\n\n\n\n<div class=\"inherit-container-width wp-block-group alignfull is-layout-constrained wp-block-group-is-layout-constrained\">\n<div class=\"wp-block-columns is-layout-flex wp-container-core-columns-is-layout-28f84493 wp-block-columns-is-layout-flex\">\n<div class=\"wp-block-column is-layout-flow wp-block-column-is-layout-flow\" style=\"flex-basis:100%\">\n<div class=\"wp-block-columns is-layout-flex wp-container-core-columns-is-layout-28f84493 wp-block-columns-is-layout-flex\">\n<div class=\"wp-block-column is-layout-flow wp-block-column-is-layout-flow\">\n<p class=\"has-large-font-size\"><strong>Mon parcours&#8230;<\/strong><\/p>\n\n\n\n<figure class=\"wp-block-image alignleft size-large is-resized\"><img loading=\"lazy\" decoding=\"async\" src=\"https:\/\/chemins-essenciel.fr\/wp-content\/uploads\/2022\/08\/20220824_170332-1-1024x1024.jpg\" alt=\"\" class=\"wp-image-1428\" width=\"512\" height=\"512\" srcset=\"https:\/\/chemins-essenciel.fr\/wp-content\/uploads\/2022\/08\/20220824_170332-1-1024x1024.jpg 1024w, https:\/\/chemins-essenciel.fr\/wp-content\/uploads\/2022\/08\/20220824_170332-1-300x300.jpg 300w, https:\/\/chemins-essenciel.fr\/wp-content\/uploads\/2022\/08\/20220824_170332-1-150x150.jpg 150w, https:\/\/chemins-essenciel.fr\/wp-content\/uploads\/2022\/08\/20220824_170332-1-768x768.jpg 768w, https:\/\/chemins-essenciel.fr\/wp-content\/uploads\/2022\/08\/20220824_170332-1-1536x1536.jpg 1536w, https:\/\/chemins-essenciel.fr\/wp-content\/uploads\/2022\/08\/20220824_170332-1-2048x2048.jpg 2048w\" sizes=\"auto, (max-width: 512px) 100vw, 512px\" \/><\/figure>\n\n\n\n<p>Parfois il suffit d\u2019un petit coup de pouce, d\u2019une rencontre pour que ce qui semblait \u00eatre un but inatteignable vous semble finalement \u00e0 port\u00e9e de main\u2026<br><strong>Revenir \u00e0 son essence<\/strong> pour se remettre sur <strong>le chemin qui est le sien<\/strong>\u2026 J\u2019ai trouv\u00e9 l\u00e0 l\u2019image qui correspond \u00e0 mon histoire que je partage avec vous aujourd\u2019hui :<strong> Les Chemins de l\u2019Essenciel.<\/strong><br>Car ils sont nombreux ces chemins et m\u00eame si l\u2019on bifurque parfois sur des sentiers de traverse, il suffit que l\u2019on soit attentif quelques instants \u00e0 <strong>notre voix int\u00e9rieure<\/strong> pour savoir revenir sur notre route.<\/p>\n\n\n\n<p><br><strong>Et il n\u2019est jamais trop tard pour cela!<\/strong><\/p>\n\n\n\n<p><br>Ecouter, aider, accompagner a toujours fait partie de ma nature, tant sur le plan personnel que professionnel.<br>20 ans d\u2019exp\u00e9rience dans une grande entreprise, m\u2019ont fait d\u00e9couvrir au fil des ann\u00e9es diff\u00e9rents m\u00e9tiers que ce soit la gestion de projet, la formation ou encore les relations sociales.<br>Ces exp\u00e9riences ont \u00e9t\u00e9 tr\u00e8s formatrices mais il manquait une pi\u00e8ce du puzzle pour me sentir compl\u00e8te.<br>J\u2019avais l\u2019intuition qu\u2019il me fallait agir pour enfin \u00eatre pleinement moi.<br>Le poids du regard des autres, l\u2019angoisse et la peur de me jeter dans le vide alors que je tenais un emploi stable, ma r\u00e9serve et ma timidit\u00e9\u2026 J\u2019avais dress\u00e9 devant moi une liste remplie de tout un tas de bonnes raisons de rester dans ma zone de confort, quitte \u00e0 ne pas \u00eatre pleinement moi-m\u00eame\u2026<\/p>\n\n\n\n<p>Le chemin a \u00e9t\u00e9 long, pav\u00e9 d\u2019obstacles que je m\u2019appliquais \u00e0 d\u00e9poser moi-m\u00eame sur la route avant de faire le constat que le temps d\u2019emprunter une nouvelle voie \u00e9tait une n\u00e9cessit\u00e9 absolue.<br>Gr\u00e2ce \u00e0 un accompagnement et \u00e0 de merveilleuses rencontres, j\u2019ai pu<strong> faire la paix avec mon histoire, d\u00e9passer mes peurs<\/strong> et r\u00e9aliser que j\u2019avais <strong>en moi toutes les ressources n\u00e9cessaires pour atteindre mes objectifs<\/strong> et me lancer dans cette aventure qui m\u2019apparaissait alors comme une \u00e9vidence!<br>C\u2019est ainsi qu\u2019en 2018 je suis devenue Sophrologue gr\u00e2ce \u00e0 une formation \u00e0 l\u2019Institut de Formation \u00e0 la Sophrologie.<br>Apr\u00e8s plusieurs ann\u00e9es de pratique et d\u2019accompagnements aussi passionnants les uns que les autres, j\u2019ai souhait\u00e9 \u00e9largir ma palette d\u2019outils et je me suis form\u00e9e \u00e0 l\u2019utilisation des Fleurs de Bach.<\/p>\n\n\n\n<p>Je suis tr\u00e8s heureuse de pouvoir vous proposer aujourd\u2019hui de<strong> vous accompagner sur le chemin que vous avez choisi <\/strong>que ce soit avec la <strong>Sophrologie<\/strong>, avec les <strong>Fleurs De Bach<\/strong> et m\u00eame pourquoi pas avec la <strong>combinaison de ces deux outils <\/strong>qui fonctionnent tr\u00e8s bien ensemble!<\/p>\n<\/div>\n<\/div>\n<\/div>\n<\/div>\n<\/div>\n\n\n\n<div class=\"inherit-container-width wp-block-group alignfull has-background is-layout-constrained wp-block-group-is-layout-constrained\" style=\"background-color:#f0f0f0\">\n<div class=\"wp-block-columns is-layout-flex wp-container-core-columns-is-layout-28f84493 wp-block-columns-is-layout-flex\">\n<div class=\"wp-block-column is-layout-flow wp-block-column-is-layout-flow\">\n<h2 class=\"wp-block-heading\" style=\"text-transform:capitalize\">Valeurs<\/h2>\n\n\n\n<ul class=\"wp-block-list\"><li>D\u00e9ontologie<\/li><li>Bienveillance<\/li><li>Ecoute<\/li><li>Confidentialit\u00e9<\/li><\/ul>\n<\/div>\n\n\n\n<div class=\"wp-block-column is-layout-flow wp-block-column-is-layout-flow\">\n<p><\/p>\n\n\n\n<p class=\"has-text-align-center\">Retrouvez l&rsquo;int\u00e9gralit\u00e9 du <strong>code de d\u00e9ontologie<\/strong> en cliquant ci-dessous :<\/p>\n\n\n\n<div class=\"wp-block-buttons is-layout-flex wp-block-buttons-is-layout-flex\">\n<div class=\"wp-block-button aligncenter\"><a class=\"wp-block-button__link has-ast-global-color-4-color has-text-color\" href=\"https:\/\/chemins-essenciel.fr\/?page_id=631\">Code de deontologie<\/a><\/div>\n<\/div>\n<\/div>\n<\/div>\n<\/div>\n\n\n\n<p><\/p>\n","protected":false},"excerpt":{"rendered":"<p>Mon parcours&#8230; Parfois il suffit d\u2019un petit coup de pouce, d\u2019une rencontre pour que ce qui semblait \u00eatre un but inatteignable vous semble finalement \u00e0 port\u00e9e de main\u2026Revenir \u00e0 son essence pour se remettre sur le chemin qui est le sien\u2026 J\u2019ai trouv\u00e9 l\u00e0 l\u2019image qui correspond \u00e0 mon histoire que je partage avec vous [&hellip;]<\/p>\n","protected":false},"author":1,"featured_media":0,"parent":0,"menu_order":0,"comment_status":"closed","ping_status":"closed","template":"","meta":{"om_disable_all_campaigns":false,"_monsterinsights_skip_tracking":false,"_monsterinsights_sitenote_active":false,"_monsterinsights_sitenote_note":"","_monsterinsights_sitenote_category":0,"site-sidebar-layout":"no-sidebar","site-content-layout":"plain-container","ast-site-content-layout":"default","site-content-style":"default","site-sidebar-style":"default","ast-global-header-display":"","ast-banner-title-visibility":"","ast-main-header-display":"","ast-hfb-above-header-display":"","ast-hfb-below-header-display":"","ast-hfb-mobile-header-display":"","site-post-title":"disabled","ast-breadcrumbs-content":"","ast-featured-img":"disabled","footer-sml-layout":"","theme-transparent-header-meta":"enabled","adv-header-id-meta":"","stick-header-meta":"","header-above-stick-meta":"","header-main-stick-meta":"","header-below-stick-meta":"","astra-migrate-meta-layouts":"default","ast-page-background-enabled":"default","ast-page-background-meta":{"desktop":{"background-color":"","background-image":"","background-repeat":"repeat","background-position":"center center","background-size":"auto","background-attachment":"scroll","background-type":"","background-media":"","overlay-type":"","overlay-color":"","overlay-opacity":"","overlay-gradient":""},"tablet":{"background-color":"","background-image":"","background-repeat":"repeat","background-position":"center center","background-size":"auto","background-attachment":"scroll","background-type":"","background-media":"","overlay-type":"","overlay-color":"","overlay-opacity":"","overlay-gradient":""},"mobile":{"background-color":"","background-image":"","background-repeat":"repeat","background-position":"center center","background-size":"auto","background-attachment":"scroll","background-type":"","background-media":"","overlay-type":"","overlay-color":"","overlay-opacity":"","overlay-gradient":""}},"ast-content-background-meta":{"desktop":{"background-color":"var(--ast-global-color-5)","background-image":"","background-repeat":"repeat","background-position":"center center","background-size":"auto","background-attachment":"scroll","background-type":"","background-media":"","overlay-type":"","overlay-color":"","overlay-opacity":"","overlay-gradient":""},"tablet":{"background-color":"var(--ast-global-color-5)","background-image":"","background-repeat":"repeat","background-position":"center center","background-size":"auto","background-attachment":"scroll","background-type":"","background-media":"","overlay-type":"","overlay-color":"","overlay-opacity":"","overlay-gradient":""},"mobile":{"background-color":"var(--ast-global-color-5)","background-image":"","background-repeat":"repeat","background-position":"center center","background-size":"auto","background-attachment":"scroll","background-type":"","background-media":"","overlay-type":"","overlay-color":"","overlay-opacity":"","overlay-gradient":""}},"footnotes":""},"class_list":["post-218","page","type-page","status-publish","hentry"],"yoast_head":"<!-- This site is optimized with the Yoast SEO plugin v19.8 - https:\/\/yoast.com\/wordpress\/plugins\/seo\/ -->\n<title>Qui Suis-je? - chemins-essenciel.fr<\/title>\n<meta name=\"robots\" content=\"index, follow, max-snippet:-1, max-image-preview:large, max-video-preview:-1\" \/>\n<link rel=\"canonical\" href=\"https:\/\/chemins-essenciel.fr\/?page_id=218\" \/>\n<meta property=\"og:locale\" content=\"fr_FR\" \/>\n<meta property=\"og:type\" content=\"article\" \/>\n<meta property=\"og:title\" content=\"Qui Suis-je? - chemins-essenciel.fr\" \/>\n<meta property=\"og:description\" content=\"Mon parcours&#8230; Parfois il suffit d\u2019un petit coup de pouce, d\u2019une rencontre pour que ce qui semblait \u00eatre un but inatteignable vous semble finalement \u00e0 port\u00e9e de main\u2026Revenir \u00e0 son essence pour se remettre sur le chemin qui est le sien\u2026 J\u2019ai trouv\u00e9 l\u00e0 l\u2019image qui correspond \u00e0 mon histoire que je partage avec vous [&hellip;]\" \/>\n<meta property=\"og:url\" content=\"https:\/\/chemins-essenciel.fr\/?page_id=218\" \/>\n<meta property=\"og:site_name\" content=\"chemins-essenciel.fr\" \/>\n<meta property=\"article:modified_time\" content=\"2022-08-25T15:39:13+00:00\" \/>\n<meta property=\"og:image\" content=\"https:\/\/chemins-essenciel.fr\/wp-content\/uploads\/2022\/08\/20220824_170332-1-1024x1024.jpg\" \/>\n<meta name=\"twitter:card\" content=\"summary_large_image\" \/>\n<meta name=\"twitter:label1\" content=\"Dur\u00e9e de lecture estim\u00e9e\" \/>\n\t<meta name=\"twitter:data1\" content=\"3 minutes\" \/>\n<script type=\"application\/ld+json\" class=\"yoast-schema-graph\">{\"@context\":\"https:\/\/schema.org\",\"@graph\":[{\"@type\":\"WebPage\",\"@id\":\"https:\/\/chemins-essenciel.fr\/?page_id=218\",\"url\":\"https:\/\/chemins-essenciel.fr\/?page_id=218\",\"name\":\"Qui Suis-je? - chemins-essenciel.fr\",\"isPartOf\":{\"@id\":\"https:\/\/chemins-essenciel.fr\/#website\"},\"datePublished\":\"2020-05-12T03:43:04+00:00\",\"dateModified\":\"2022-08-25T15:39:13+00:00\",\"breadcrumb\":{\"@id\":\"https:\/\/chemins-essenciel.fr\/?page_id=218#breadcrumb\"},\"inLanguage\":\"fr-FR\",\"potentialAction\":[{\"@type\":\"ReadAction\",\"target\":[\"https:\/\/chemins-essenciel.fr\/?page_id=218\"]}]},{\"@type\":\"BreadcrumbList\",\"@id\":\"https:\/\/chemins-essenciel.fr\/?page_id=218#breadcrumb\",\"itemListElement\":[{\"@type\":\"ListItem\",\"position\":1,\"name\":\"Accueil\",\"item\":\"https:\/\/chemins-essenciel.fr\/\"},{\"@type\":\"ListItem\",\"position\":2,\"name\":\"Qui Suis-je?\"}]},{\"@type\":\"WebSite\",\"@id\":\"https:\/\/chemins-essenciel.fr\/#website\",\"url\":\"https:\/\/chemins-essenciel.fr\/\",\"name\":\"chemins-essenciel.fr\",\"description\":\"Just another WordPress site\",\"publisher\":{\"@id\":\"https:\/\/chemins-essenciel.fr\/#organization\"},\"potentialAction\":[{\"@type\":\"SearchAction\",\"target\":{\"@type\":\"EntryPoint\",\"urlTemplate\":\"https:\/\/chemins-essenciel.fr\/?s={search_term_string}\"},\"query-input\":\"required name=search_term_string\"}],\"inLanguage\":\"fr-FR\"},{\"@type\":\"Organization\",\"@id\":\"https:\/\/chemins-essenciel.fr\/#organization\",\"name\":\"chemins-essenciel.fr\",\"url\":\"https:\/\/chemins-essenciel.fr\/\",\"sameAs\":[],\"logo\":{\"@type\":\"ImageObject\",\"inLanguage\":\"fr-FR\",\"@id\":\"https:\/\/chemins-essenciel.fr\/#\/schema\/logo\/image\/\",\"url\":\"https:\/\/chemins-essenciel.fr\/wp-content\/uploads\/2022\/03\/cropped-Illustration-2500px-transparent-1.png\",\"contentUrl\":\"https:\/\/chemins-essenciel.fr\/wp-content\/uploads\/2022\/03\/cropped-Illustration-2500px-transparent-1.png\",\"width\":2500,\"height\":1676,\"caption\":\"chemins-essenciel.fr\"},\"image\":{\"@id\":\"https:\/\/chemins-essenciel.fr\/#\/schema\/logo\/image\/\"}}]}<\/script>\n<!-- \/ Yoast SEO plugin. -->","yoast_head_json":{"title":"Qui Suis-je? - chemins-essenciel.fr","robots":{"index":"index","follow":"follow","max-snippet":"max-snippet:-1","max-image-preview":"max-image-preview:large","max-video-preview":"max-video-preview:-1"},"canonical":"https:\/\/chemins-essenciel.fr\/?page_id=218","og_locale":"fr_FR","og_type":"article","og_title":"Qui Suis-je? - chemins-essenciel.fr","og_description":"Mon parcours&#8230; Parfois il suffit d\u2019un petit coup de pouce, d\u2019une rencontre pour que ce qui semblait \u00eatre un but inatteignable vous semble finalement \u00e0 port\u00e9e de main\u2026Revenir \u00e0 son essence pour se remettre sur le chemin qui est le sien\u2026 J\u2019ai trouv\u00e9 l\u00e0 l\u2019image qui correspond \u00e0 mon histoire que je partage avec vous [&hellip;]","og_url":"https:\/\/chemins-essenciel.fr\/?page_id=218","og_site_name":"chemins-essenciel.fr","article_modified_time":"2022-08-25T15:39:13+00:00","og_image":[{"url":"https:\/\/chemins-essenciel.fr\/wp-content\/uploads\/2022\/08\/20220824_170332-1-1024x1024.jpg"}],"twitter_card":"summary_large_image","twitter_misc":{"Dur\u00e9e de lecture estim\u00e9e":"3 minutes"},"schema":{"@context":"https:\/\/schema.org","@graph":[{"@type":"WebPage","@id":"https:\/\/chemins-essenciel.fr\/?page_id=218","url":"https:\/\/chemins-essenciel.fr\/?page_id=218","name":"Qui Suis-je? - chemins-essenciel.fr","isPartOf":{"@id":"https:\/\/chemins-essenciel.fr\/#website"},"datePublished":"2020-05-12T03:43:04+00:00","dateModified":"2022-08-25T15:39:13+00:00","breadcrumb":{"@id":"https:\/\/chemins-essenciel.fr\/?page_id=218#breadcrumb"},"inLanguage":"fr-FR","potentialAction":[{"@type":"ReadAction","target":["https:\/\/chemins-essenciel.fr\/?page_id=218"]}]},{"@type":"BreadcrumbList","@id":"https:\/\/chemins-essenciel.fr\/?page_id=218#breadcrumb","itemListElement":[{"@type":"ListItem","position":1,"name":"Accueil","item":"https:\/\/chemins-essenciel.fr\/"},{"@type":"ListItem","position":2,"name":"Qui Suis-je?"}]},{"@type":"WebSite","@id":"https:\/\/chemins-essenciel.fr\/#website","url":"https:\/\/chemins-essenciel.fr\/","name":"chemins-essenciel.fr","description":"Just another WordPress site","publisher":{"@id":"https:\/\/chemins-essenciel.fr\/#organization"},"potentialAction":[{"@type":"SearchAction","target":{"@type":"EntryPoint","urlTemplate":"https:\/\/chemins-essenciel.fr\/?s={search_term_string}"},"query-input":"required name=search_term_string"}],"inLanguage":"fr-FR"},{"@type":"Organization","@id":"https:\/\/chemins-essenciel.fr\/#organization","name":"chemins-essenciel.fr","url":"https:\/\/chemins-essenciel.fr\/","sameAs":[],"logo":{"@type":"ImageObject","inLanguage":"fr-FR","@id":"https:\/\/chemins-essenciel.fr\/#\/schema\/logo\/image\/","url":"https:\/\/chemins-essenciel.fr\/wp-content\/uploads\/2022\/03\/cropped-Illustration-2500px-transparent-1.png","contentUrl":"https:\/\/chemins-essenciel.fr\/wp-content\/uploads\/2022\/03\/cropped-Illustration-2500px-transparent-1.png","width":2500,"height":1676,"caption":"chemins-essenciel.fr"},"image":{"@id":"https:\/\/chemins-essenciel.fr\/#\/schema\/logo\/image\/"}}]}},"_links":{"self":[{"href":"https:\/\/chemins-essenciel.fr\/index.php?rest_route=\/wp\/v2\/pages\/218","targetHints":{"allow":["GET"]}}],"collection":[{"href":"https:\/\/chemins-essenciel.fr\/index.php?rest_route=\/wp\/v2\/pages"}],"about":[{"href":"https:\/\/chemins-essenciel.fr\/index.php?rest_route=\/wp\/v2\/types\/page"}],"author":[{"embeddable":true,"href":"https:\/\/chemins-essenciel.fr\/index.php?rest_route=\/wp\/v2\/users\/1"}],"replies":[{"embeddable":true,"href":"https:\/\/chemins-essenciel.fr\/index.php?rest_route=%2Fwp%2Fv2%2Fcomments&post=218"}],"version-history":[{"count":25,"href":"https:\/\/chemins-essenciel.fr\/index.php?rest_route=\/wp\/v2\/pages\/218\/revisions"}],"predecessor-version":[{"id":1430,"href":"https:\/\/chemins-essenciel.fr\/index.php?rest_route=\/wp\/v2\/pages\/218\/revisions\/1430"}],"wp:attachment":[{"href":"https:\/\/chemins-essenciel.fr\/index.php?rest_route=%2Fwp%2Fv2%2Fmedia&parent=218"}],"curies":[{"name":"wp","href":"https:\/\/api.w.org\/{rel}","templated":true}]}}