{"id":217,"date":"2020-05-12T03:43:03","date_gmt":"2020-05-12T03:43:03","guid":{"rendered":"http:\/\/chemins-essenciel.fr\/?page_id=217"},"modified":"2022-04-14T15:43:17","modified_gmt":"2022-04-14T15:43:17","slug":"home","status":"publish","type":"page","link":"https:\/\/chemins-essenciel.fr\/","title":{"rendered":"Les Chemins de l&rsquo;EssenCiel"},"content":{"rendered":"\n<div class=\"wp-block-columns is-layout-flex wp-container-core-columns-is-layout-28f84493 wp-block-columns-is-layout-flex\">\n<div class=\"wp-block-column is-layout-flow wp-block-column-is-layout-flow\" style=\"flex-basis:100%\">\n<div class=\"wp-block-columns is-layout-flex wp-container-core-columns-is-layout-28f84493 wp-block-columns-is-layout-flex\">\n<div class=\"wp-block-column is-layout-flow wp-block-column-is-layout-flow\" style=\"flex-basis:100%\">\n<div class=\"wp-block-columns is-layout-flex wp-container-core-columns-is-layout-28f84493 wp-block-columns-is-layout-flex\">\n<div class=\"wp-block-column is-layout-flow wp-block-column-is-layout-flow\" style=\"flex-basis:100%\">\n<div class=\"wp-block-cover aligncenter is-light\" style=\"min-height:569px;aspect-ratio:unset;\"><span aria-hidden=\"true\" class=\"has-ast-global-color-4-background-color has-background-dim-0 wp-block-cover__gradient-background has-background-dim\"><\/span><img loading=\"lazy\" decoding=\"async\" width=\"2560\" height=\"1676\" class=\"wp-block-cover__image-background wp-image-1402\" alt=\"\" src=\"https:\/\/chemins-essenciel.fr\/wp-content\/uploads\/2022\/04\/Juste-pour-aujourdhui-scaled.jpg\" style=\"object-position:66% 45%\" data-object-fit=\"cover\" data-object-position=\"66% 45%\" srcset=\"https:\/\/chemins-essenciel.fr\/wp-content\/uploads\/2022\/04\/Juste-pour-aujourdhui-scaled.jpg 2560w, https:\/\/chemins-essenciel.fr\/wp-content\/uploads\/2022\/04\/Juste-pour-aujourdhui-300x196.jpg 300w, https:\/\/chemins-essenciel.fr\/wp-content\/uploads\/2022\/04\/Juste-pour-aujourdhui-1024x670.jpg 1024w, https:\/\/chemins-essenciel.fr\/wp-content\/uploads\/2022\/04\/Juste-pour-aujourdhui-768x503.jpg 768w, https:\/\/chemins-essenciel.fr\/wp-content\/uploads\/2022\/04\/Juste-pour-aujourdhui-1536x1005.jpg 1536w, https:\/\/chemins-essenciel.fr\/wp-content\/uploads\/2022\/04\/Juste-pour-aujourdhui-2048x1341.jpg 2048w\" sizes=\"auto, (max-width: 2560px) 100vw, 2560px\" \/><div class=\"wp-block-cover__inner-container is-layout-flow wp-block-cover-is-layout-flow\">\n<p><\/p>\n\n\n\n<p><\/p>\n\n\n\n<p><\/p>\n\n\n\n<p><\/p>\n\n\n\n<p><\/p>\n\n\n\n<p><\/p>\n<\/div><\/div>\n\n\n\n<p><\/p>\n\n\n\n<p class=\"has-text-align-center has-large-font-size\"><strong>Les Chemins de l&rsquo;EssenCiel<\/strong><\/p>\n\n\n\n<p><\/p>\n\n\n\n<p class=\"has-text-align-center has-medium-font-size\">\u00ab\u00a0C&rsquo;est toi, et toi seul qui choisis le chemin que tu empruntes et, \u00e0 tout moment, tu as le droit de changer de direction\u00a0\u00bb<br>Carl Gustav Jung<\/p>\n<\/div>\n<\/div>\n<\/div>\n<\/div>\n<\/div>\n<\/div>\n\n\n\n<div class=\"wp-block-group alignfull has-white-background-color has-background is-layout-flow wp-block-group-is-layout-flow\">\n<div class=\"wp-block-image\"><figure class=\"aligncenter size-full is-resized\"><img loading=\"lazy\" decoding=\"async\" src=\"http:\/\/chemins-essenciel.fr\/wp-content\/uploads\/2022\/01\/cropped-boussole2-fond.png\" alt=\"\" class=\"wp-image-622\" width=\"145\" height=\"145\" srcset=\"https:\/\/chemins-essenciel.fr\/wp-content\/uploads\/2022\/01\/cropped-boussole2-fond.png 512w, https:\/\/chemins-essenciel.fr\/wp-content\/uploads\/2022\/01\/cropped-boussole2-fond-300x300.png 300w, https:\/\/chemins-essenciel.fr\/wp-content\/uploads\/2022\/01\/cropped-boussole2-fond-150x150.png 150w\" sizes=\"auto, (max-width: 145px) 100vw, 145px\" \/><\/figure><\/div>\n<\/div>\n\n\n\n<div class=\"inherit-container-width wp-block-group alignfull has-white-background-color has-background is-layout-constrained wp-block-group-is-layout-constrained\">\n<div class=\"wp-block-columns is-not-stacked-on-mobile is-layout-flex wp-container-core-columns-is-layout-28f84493 wp-block-columns-is-layout-flex\">\n<div class=\"wp-block-column is-vertically-aligned-center is-layout-flow wp-block-column-is-layout-flow\">\n<div class=\"wp-block-columns is-layout-flex wp-container-core-columns-is-layout-28f84493 wp-block-columns-is-layout-flex\">\n<div class=\"wp-block-column is-layout-flow wp-block-column-is-layout-flow\">\n<p class=\"has-text-align-center has-medium-font-size\">Ils sont nombreux les chemins que l&rsquo;on peut emprunter pour <strong>se reconnecter \u00e0 soi<\/strong>, retrouver <strong>son Essence<\/strong> et <strong>ses aspirations<\/strong>&#8230;<\/p>\n\n\n\n<p class=\"has-text-align-center has-medium-font-size\">Vous aider \u00e0 atteindre <strong>l&rsquo;\u00e9quilibre \u00e9motionnel<\/strong>, <strong>physique <\/strong>et<strong> mental<\/strong>, voil\u00e0 mon objectif!<br><strong>Vous choisissez<\/strong> le chemin \u00e0 emprunter, <strong>l&rsquo;objectif \u00e0 atteindre<\/strong>. Je vous <strong>accompagne<\/strong> sur cette route en vous donnant <strong>les outils<\/strong> et leur <strong>mode d&#8217;emploi<\/strong>, le temps pour vous de r\u00e9aliser <strong>toutes les ressources d\u00e9j\u00e0 bien pr\u00e9sentes en vous<\/strong> !<\/p>\n\n\n\n<p><\/p>\n\n\n\n<p class=\"has-text-align-center has-medium-font-size\">Sophrologie, Fleurs de Bach ou Sophro-Fleurs, <strong>choisissez l&rsquo;accompagnement qui vous correspond!<\/strong> <br>Certaines <strong>mutuelles <\/strong>peuvent<strong> prendre en charge les s\u00e9ances de Sophrologie,<\/strong> n&rsquo;h\u00e9sitez pas \u00e0 vous renseigner!<\/p>\n\n\n\n<p><\/p>\n\n\n\n<p><\/p>\n\n\n\n<p><\/p>\n\n\n\n<p><\/p>\n\n\n\n<p><\/p>\n\n\n\n<p><\/p>\n\n\n\n<p class=\"has-text-align-center has-background\" style=\"background-color:#c8dcef;font-size:28px\"><strong>La Sophrologie en quelques mots\u2026<\/strong><\/p>\n\n\n\n<div class=\"wp-block-image\"><figure class=\"aligncenter size-large is-resized\"><img loading=\"lazy\" decoding=\"async\" src=\"http:\/\/chemins-essenciel.fr\/wp-content\/uploads\/2022\/04\/Acceptez-vous-3-1024x840.jpg\" alt=\"\" class=\"wp-image-1218\" width=\"525\" height=\"431\" srcset=\"https:\/\/chemins-essenciel.fr\/wp-content\/uploads\/2022\/04\/Acceptez-vous-3-1024x840.jpg 1024w, https:\/\/chemins-essenciel.fr\/wp-content\/uploads\/2022\/04\/Acceptez-vous-3-300x246.jpg 300w, https:\/\/chemins-essenciel.fr\/wp-content\/uploads\/2022\/04\/Acceptez-vous-3-768x630.jpg 768w, https:\/\/chemins-essenciel.fr\/wp-content\/uploads\/2022\/04\/Acceptez-vous-3.jpg 1518w\" sizes=\"auto, (max-width: 525px) 100vw, 525px\" \/><figcaption>\u00abLorsque nous faisons une chose pour la premi\u00e8re fois, cela int\u00e9resse le moi; lorsque nous r\u00e9p\u00e9tons cette m\u00eame chose des dizaines de fois, cela l\u2019ennuie; si nous la faisons des milliers de fois, cela le transforme&nbsp;\u00bb<br>Alfonso Caycedo<\/figcaption><\/figure><\/div>\n\n\n\n<p><\/p>\n\n\n\n<p><\/p>\n\n\n\n<p><\/p>\n\n\n\n<p><\/p>\n\n\n\n<p>Cette m\u00e9thode<strong>&nbsp;psycho-corporelle<\/strong>&nbsp;fond\u00e9e dans les ann\u00e9es 60 par le Dr&nbsp;Alfonso&nbsp;Caycedo&nbsp;s&rsquo;inspire de nombreuses pratiques telles que <strong>l&rsquo;hypnose<\/strong>, la <strong>ph\u00e9nom\u00e9nologie<\/strong>, le<strong> yoga<\/strong> ou encore la <strong>m\u00e9ditation<\/strong>.<\/p>\n\n\n\n<p>Il s&rsquo;agit d&rsquo;une formidable<strong> bo\u00eete \u00e0 outils<\/strong> qui, avec <strong>l&rsquo;entra\u00eenement<\/strong>, vous permettra de prendre pleinement conscience <strong>vos capacit\u00e9s <\/strong>et d&rsquo;atteindre votre objectif en retrouvant une <strong>harmonie<\/strong> entre le mental et le physique.<\/p>\n\n\n\n<p>La sophrologie s&rsquo;adresse \u00e0 tous pour :<\/p>\n\n\n\n<p>\u2022 <strong>L\u2019am\u00e9lioration du quotidien<\/strong> (gestion du stress, de l&rsquo;anxi\u00e9t\u00e9, des \u00e9motions)<br>\u2022 <strong>La pr\u00e9paration mentale<\/strong> (\u00e9v\u00e8nement sportif, examen, prise de parole en public, pr\u00e9paration \u00e0    l&rsquo;accouchement&#8230;)<br>\u2022 <strong>L\u2019accompagnement th\u00e9rapeutique<\/strong> (acouph\u00e8nes, douleurs post-op\u00e9ratoires&#8230;)<\/p>\n\n\n\n<p><\/p>\n\n\n\n<p><\/p>\n\n\n\n<p class=\"has-text-align-center has-background\" style=\"background-color:#cfe6f9;font-size:28px\"><strong>Les Fleurs de Bach en quelques mots&#8230;<\/strong><\/p>\n\n\n\n<p><\/p>\n\n\n\n<div class=\"wp-block-image\"><figure class=\"aligncenter size-large is-resized\"><img loading=\"lazy\" decoding=\"async\" src=\"http:\/\/chemins-essenciel.fr\/wp-content\/uploads\/2022\/04\/20220306_112213-1-scaled-1024x866.jpg\" alt=\"\" class=\"wp-image-1041\" width=\"523\" height=\"443\" srcset=\"https:\/\/chemins-essenciel.fr\/wp-content\/uploads\/2022\/04\/20220306_112213-1-scaled-1024x866.jpg 1024w, https:\/\/chemins-essenciel.fr\/wp-content\/uploads\/2022\/04\/20220306_112213-1-scaled-300x254.jpg 300w, https:\/\/chemins-essenciel.fr\/wp-content\/uploads\/2022\/04\/20220306_112213-1-scaled-768x650.jpg 768w, https:\/\/chemins-essenciel.fr\/wp-content\/uploads\/2022\/04\/20220306_112213-1-scaled-1536x1299.jpg 1536w, https:\/\/chemins-essenciel.fr\/wp-content\/uploads\/2022\/04\/20220306_112213-1-scaled-2048x1732.jpg 2048w\" sizes=\"auto, (max-width: 523px) 100vw, 523px\" \/><figcaption>\u00ab&nbsp;Si nous suivons nos intuitions, nos aspirations, nos id\u00e9es et nos d\u00e9sirs personnels, nous ne devrions jamais conna\u00eetre que joie et sant\u00e9&nbsp;\u00bb<br>Dr Edward Bach<\/figcaption><\/figure><\/div>\n\n\n\n<p><\/p>\n\n\n\n<p>C&rsquo;est dans les ann\u00e9es 30 que le Dr Bach a mis au point une m\u00e9thode permettant d<strong>&lsquo;\u00e9quilibrer les \u00e9motions<\/strong> . Cet \u00e9quilibre est retrouv\u00e9 \u00e0 l&rsquo;aide <strong>d&rsquo;essences florales<\/strong>. Elles sont aux nombres de 38, r\u00e9parties en <strong>7 familles \u00e9motionnelles<\/strong>. <\/p>\n\n\n\n<ul class=\"wp-block-list\"><li>La solitude<\/li><li>La sensibilit\u00e9<\/li><li>La tristesse<\/li><li>Le manque d&rsquo;int\u00e9r\u00eat<\/li><li>L&rsquo;incertitude <\/li><\/ul>\n\n\n\n<p>Par son approche, le Dr Bach consid\u00e8re la personne<strong> dans son int\u00e9gralit\u00e9<\/strong> et vise au del\u00e0 des \u00e9motions \u00e0 un <strong>\u00e9quilbre global<\/strong>. L&rsquo;\u00e9lixir est personnalis\u00e9 en fonction de la situation v\u00e9cue et peut \u00eatre ajust\u00e9e avec l&rsquo;\u00e9volution de la situation.<\/p>\n<\/div>\n<\/div>\n<\/div>\n<\/div>\n<\/div>\n\n\n\n<div class=\"wp-block-group is-layout-flow wp-block-group-is-layout-flow\">\n<div class=\"wp-block-columns is-layout-flex wp-container-core-columns-is-layout-28f84493 wp-block-columns-is-layout-flex\">\n<div class=\"wp-block-column is-layout-flow wp-block-column-is-layout-flow\" style=\"flex-basis:100%\">\n<div class=\"wp-block-group is-layout-flow wp-block-group-is-layout-flow\">\n<div class=\"wp-block-columns is-layout-flex wp-container-core-columns-is-layout-28f84493 wp-block-columns-is-layout-flex\">\n<div class=\"wp-block-column is-layout-flow wp-block-column-is-layout-flow\" style=\"flex-basis:100%\">\n<div class=\"wp-block-columns is-layout-flex wp-container-core-columns-is-layout-28f84493 wp-block-columns-is-layout-flex\">\n<div class=\"wp-block-column is-layout-flow wp-block-column-is-layout-flow\" style=\"flex-basis:100%\">\n<div class=\"wp-block-buttons is-layout-flex wp-block-buttons-is-layout-flex\"><\/div>\n<\/div>\n<\/div>\n<\/div>\n<\/div>\n<\/div>\n<\/div>\n<\/div>\n<\/div>\n\n\n\n<p class=\"has-text-align-center has-background\" style=\"background-color:#c5dff6;font-size:28px\"><strong>Sophro-Fleurs<\/strong>&#8230; <strong>L&rsquo;alliance tout en \u00e9quilibre<\/strong><\/p>\n\n\n\n<div class=\"wp-block-image\"><figure class=\"aligncenter size-large is-resized\"><img loading=\"lazy\" decoding=\"async\" src=\"http:\/\/chemins-essenciel.fr\/wp-content\/uploads\/2022\/04\/inCollage_20210902_155727748-1-1024x1024.jpg\" alt=\"\" class=\"wp-image-1334\" width=\"513\" height=\"513\" srcset=\"https:\/\/chemins-essenciel.fr\/wp-content\/uploads\/2022\/04\/inCollage_20210902_155727748-1-1024x1024.jpg 1024w, https:\/\/chemins-essenciel.fr\/wp-content\/uploads\/2022\/04\/inCollage_20210902_155727748-1-300x300.jpg 300w, https:\/\/chemins-essenciel.fr\/wp-content\/uploads\/2022\/04\/inCollage_20210902_155727748-1-150x150.jpg 150w, https:\/\/chemins-essenciel.fr\/wp-content\/uploads\/2022\/04\/inCollage_20210902_155727748-1-768x768.jpg 768w, https:\/\/chemins-essenciel.fr\/wp-content\/uploads\/2022\/04\/inCollage_20210902_155727748-1-1536x1536.jpg 1536w, https:\/\/chemins-essenciel.fr\/wp-content\/uploads\/2022\/04\/inCollage_20210902_155727748-1.jpg 1920w\" sizes=\"auto, (max-width: 513px) 100vw, 513px\" \/><figcaption>\u00ab\u00a0On ne peut rien enseigner \u00e0 autrui. On ne peut que l&rsquo;aider \u00e0 le d\u00e9couvrir lui-m\u00eame\u00a0\u00bb. Galil\u00e9e<\/figcaption><\/figure><\/div>\n\n\n\n<p><\/p>\n\n\n\n<p>Sophro-Fleurs&#8230; Une<strong> alliance<\/strong> efficace!<\/p>\n\n\n\n<p>La Sophrologie pour les<strong> prises de conscience <\/strong>et les Fleurs de Bach pour maintenir<strong> l&rsquo;\u00e9quilibre \u00e9motionnel <\/strong>: voici l&rsquo;alliance parfaite pour cheminer vers votre objectif <strong>en tout \u00e9quilibre!<\/strong><\/p>\n\n\n\n<p><\/p>\n\n\n\n<p class=\"has-text-align-center has-background\" style=\"background-color:#c5ddf2;font-size:28px\"><strong>Et Juste Pour Aujourd&rsquo;hui&#8230;<\/strong><\/p>\n\n\n\n<div class=\"wp-block-image\"><figure class=\"aligncenter size-large is-resized\"><img loading=\"lazy\" decoding=\"async\" src=\"http:\/\/chemins-essenciel.fr\/wp-content\/uploads\/2022\/04\/20220325_131501-1-scaled-1024x1024.jpg\" alt=\"\" class=\"wp-image-1043\" width=\"507\" height=\"507\" srcset=\"https:\/\/chemins-essenciel.fr\/wp-content\/uploads\/2022\/04\/20220325_131501-1-scaled-1024x1024.jpg 1024w, https:\/\/chemins-essenciel.fr\/wp-content\/uploads\/2022\/04\/20220325_131501-1-scaled-300x300.jpg 300w, https:\/\/chemins-essenciel.fr\/wp-content\/uploads\/2022\/04\/20220325_131501-1-scaled-150x150.jpg 150w, https:\/\/chemins-essenciel.fr\/wp-content\/uploads\/2022\/04\/20220325_131501-1-scaled-768x768.jpg 768w, https:\/\/chemins-essenciel.fr\/wp-content\/uploads\/2022\/04\/20220325_131501-1-scaled-1536x1536.jpg 1536w, https:\/\/chemins-essenciel.fr\/wp-content\/uploads\/2022\/04\/20220325_131501-1-scaled-2048x2048.jpg 2048w\" sizes=\"auto, (max-width: 507px) 100vw, 507px\" \/><figcaption>\u00ab\u00a0Une image vaut mieux que Mille mots\u00a0\u00bb Confucius<\/figcaption><\/figure><\/div>\n\n\n\n<p><\/p>\n\n\n\n<p>Commencer sa journ\u00e9e avec une image <strong>pour s&rsquo;inspirer<\/strong> et <strong>se laisser guider<\/strong> par elle et\/ou par la citation qui l&rsquo;accompagne.<\/p>\n\n\n\n<p>Voici ce que je vous propose en cliquant sur le bouton ci-dessous :<\/p>\n\n\n\n<div class=\"wp-block-buttons is-layout-flex wp-block-buttons-is-layout-flex\">\n<div class=\"wp-block-button alignleft\"><a class=\"wp-block-button__link has-white-color has-text-color\" href=\"https:\/\/chemins-essenciel.fr\/?page_id=629\">Cliquez ici<\/a><\/div>\n<\/div>\n\n\n\n<p><\/p>\n\n\n\n<p>Retrouvez \u00e9galement toutes ces inspirations sur <strong>mes r\u00e9seaux sociaux!<\/strong><\/p>\n\n\n\n<p><\/p>\n\n\n\n<p><\/p>\n","protected":false},"excerpt":{"rendered":"<p>Les Chemins de l&rsquo;EssenCiel \u00ab\u00a0C&rsquo;est toi, et toi seul qui choisis le chemin que tu empruntes et, \u00e0 tout moment, tu as le droit de changer de direction\u00a0\u00bbCarl Gustav Jung Ils sont nombreux les chemins que l&rsquo;on peut emprunter pour se reconnecter \u00e0 soi, retrouver son Essence et ses aspirations&#8230; Vous aider \u00e0 atteindre l&rsquo;\u00e9quilibre [&hellip;]<\/p>\n","protected":false},"author":1,"featured_media":0,"parent":0,"menu_order":0,"comment_status":"closed","ping_status":"closed","template":"","meta":{"om_disable_all_campaigns":false,"_monsterinsights_skip_tracking":false,"_monsterinsights_sitenote_active":false,"_monsterinsights_sitenote_note":"","_monsterinsights_sitenote_category":0,"site-sidebar-layout":"no-sidebar","site-content-layout":"plain-container","ast-site-content-layout":"default","site-content-style":"default","site-sidebar-style":"default","ast-global-header-display":"","ast-banner-title-visibility":"","ast-main-header-display":"","ast-hfb-above-header-display":"","ast-hfb-below-header-display":"","ast-hfb-mobile-header-display":"","site-post-title":"disabled","ast-breadcrumbs-content":"","ast-featured-img":"disabled","footer-sml-layout":"","theme-transparent-header-meta":"enabled","adv-header-id-meta":"","stick-header-meta":"","header-above-stick-meta":"","header-main-stick-meta":"","header-below-stick-meta":"","astra-migrate-meta-layouts":"default","ast-page-background-enabled":"default","ast-page-background-meta":{"desktop":{"background-color":"","background-image":"","background-repeat":"repeat","background-position":"center center","background-size":"auto","background-attachment":"scroll","background-type":"","background-media":"","overlay-type":"","overlay-color":"","overlay-opacity":"","overlay-gradient":""},"tablet":{"background-color":"","background-image":"","background-repeat":"repeat","background-position":"center center","background-size":"auto","background-attachment":"scroll","background-type":"","background-media":"","overlay-type":"","overlay-color":"","overlay-opacity":"","overlay-gradient":""},"mobile":{"background-color":"","background-image":"","background-repeat":"repeat","background-position":"center center","background-size":"auto","background-attachment":"scroll","background-type":"","background-media":"","overlay-type":"","overlay-color":"","overlay-opacity":"","overlay-gradient":""}},"ast-content-background-meta":{"desktop":{"background-color":"var(--ast-global-color-5)","background-image":"","background-repeat":"repeat","background-position":"center center","background-size":"auto","background-attachment":"scroll","background-type":"","background-media":"","overlay-type":"","overlay-color":"","overlay-opacity":"","overlay-gradient":""},"tablet":{"background-color":"var(--ast-global-color-5)","background-image":"","background-repeat":"repeat","background-position":"center center","background-size":"auto","background-attachment":"scroll","background-type":"","background-media":"","overlay-type":"","overlay-color":"","overlay-opacity":"","overlay-gradient":""},"mobile":{"background-color":"var(--ast-global-color-5)","background-image":"","background-repeat":"repeat","background-position":"center center","background-size":"auto","background-attachment":"scroll","background-type":"","background-media":"","overlay-type":"","overlay-color":"","overlay-opacity":"","overlay-gradient":""}},"footnotes":""},"class_list":["post-217","page","type-page","status-publish","hentry"],"yoast_head":"<!-- This site is optimized with the Yoast SEO plugin v19.8 - https:\/\/yoast.com\/wordpress\/plugins\/seo\/ -->\n<title>Les Chemins de l&#039;EssenCiel - chemins-essenciel.fr<\/title>\n<meta name=\"robots\" content=\"index, follow, max-snippet:-1, max-image-preview:large, max-video-preview:-1\" \/>\n<link rel=\"canonical\" href=\"https:\/\/chemins-essenciel.fr\/\" \/>\n<meta property=\"og:locale\" content=\"fr_FR\" \/>\n<meta property=\"og:type\" content=\"article\" \/>\n<meta property=\"og:title\" content=\"Les Chemins de l&#039;EssenCiel - chemins-essenciel.fr\" \/>\n<meta property=\"og:description\" content=\"Les Chemins de l&rsquo;EssenCiel \u00ab\u00a0C&rsquo;est toi, et toi seul qui choisis le chemin que tu empruntes et, \u00e0 tout moment, tu as le droit de changer de direction\u00a0\u00bbCarl Gustav Jung Ils sont nombreux les chemins que l&rsquo;on peut emprunter pour se reconnecter \u00e0 soi, retrouver son Essence et ses aspirations&#8230; Vous aider \u00e0 atteindre l&rsquo;\u00e9quilibre [&hellip;]\" \/>\n<meta property=\"og:url\" content=\"https:\/\/chemins-essenciel.fr\/\" \/>\n<meta property=\"og:site_name\" content=\"chemins-essenciel.fr\" \/>\n<meta property=\"article:modified_time\" content=\"2022-04-14T15:43:17+00:00\" \/>\n<meta property=\"og:image\" content=\"https:\/\/chemins-essenciel.fr\/wp-content\/uploads\/2022\/04\/Juste-pour-aujourdhui-scaled.jpg\" \/>\n<meta name=\"twitter:card\" content=\"summary_large_image\" \/>\n<meta name=\"twitter:label1\" content=\"Dur\u00e9e de lecture estim\u00e9e\" \/>\n\t<meta name=\"twitter:data1\" content=\"3 minutes\" \/>\n<script type=\"application\/ld+json\" class=\"yoast-schema-graph\">{\"@context\":\"https:\/\/schema.org\",\"@graph\":[{\"@type\":\"WebPage\",\"@id\":\"https:\/\/chemins-essenciel.fr\/\",\"url\":\"https:\/\/chemins-essenciel.fr\/\",\"name\":\"Les Chemins de l'EssenCiel - chemins-essenciel.fr\",\"isPartOf\":{\"@id\":\"https:\/\/chemins-essenciel.fr\/#website\"},\"datePublished\":\"2020-05-12T03:43:03+00:00\",\"dateModified\":\"2022-04-14T15:43:17+00:00\",\"breadcrumb\":{\"@id\":\"https:\/\/chemins-essenciel.fr\/#breadcrumb\"},\"inLanguage\":\"fr-FR\",\"potentialAction\":[{\"@type\":\"ReadAction\",\"target\":[\"https:\/\/chemins-essenciel.fr\/\"]}]},{\"@type\":\"BreadcrumbList\",\"@id\":\"https:\/\/chemins-essenciel.fr\/#breadcrumb\",\"itemListElement\":[{\"@type\":\"ListItem\",\"position\":1,\"name\":\"Accueil\",\"item\":\"https:\/\/chemins-essenciel.fr\/\"},{\"@type\":\"ListItem\",\"position\":2,\"name\":\"Les Chemins de l&rsquo;EssenCiel\"}]},{\"@type\":\"WebSite\",\"@id\":\"https:\/\/chemins-essenciel.fr\/#website\",\"url\":\"https:\/\/chemins-essenciel.fr\/\",\"name\":\"chemins-essenciel.fr\",\"description\":\"Just another WordPress site\",\"publisher\":{\"@id\":\"https:\/\/chemins-essenciel.fr\/#organization\"},\"potentialAction\":[{\"@type\":\"SearchAction\",\"target\":{\"@type\":\"EntryPoint\",\"urlTemplate\":\"https:\/\/chemins-essenciel.fr\/?s={search_term_string}\"},\"query-input\":\"required name=search_term_string\"}],\"inLanguage\":\"fr-FR\"},{\"@type\":\"Organization\",\"@id\":\"https:\/\/chemins-essenciel.fr\/#organization\",\"name\":\"chemins-essenciel.fr\",\"url\":\"https:\/\/chemins-essenciel.fr\/\",\"sameAs\":[],\"logo\":{\"@type\":\"ImageObject\",\"inLanguage\":\"fr-FR\",\"@id\":\"https:\/\/chemins-essenciel.fr\/#\/schema\/logo\/image\/\",\"url\":\"https:\/\/chemins-essenciel.fr\/wp-content\/uploads\/2022\/03\/cropped-Illustration-2500px-transparent-1.png\",\"contentUrl\":\"https:\/\/chemins-essenciel.fr\/wp-content\/uploads\/2022\/03\/cropped-Illustration-2500px-transparent-1.png\",\"width\":2500,\"height\":1676,\"caption\":\"chemins-essenciel.fr\"},\"image\":{\"@id\":\"https:\/\/chemins-essenciel.fr\/#\/schema\/logo\/image\/\"}}]}<\/script>\n<!-- \/ Yoast SEO plugin. -->","yoast_head_json":{"title":"Les Chemins de l'EssenCiel - chemins-essenciel.fr","robots":{"index":"index","follow":"follow","max-snippet":"max-snippet:-1","max-image-preview":"max-image-preview:large","max-video-preview":"max-video-preview:-1"},"canonical":"https:\/\/chemins-essenciel.fr\/","og_locale":"fr_FR","og_type":"article","og_title":"Les Chemins de l'EssenCiel - chemins-essenciel.fr","og_description":"Les Chemins de l&rsquo;EssenCiel \u00ab\u00a0C&rsquo;est toi, et toi seul qui choisis le chemin que tu empruntes et, \u00e0 tout moment, tu as le droit de changer de direction\u00a0\u00bbCarl Gustav Jung Ils sont nombreux les chemins que l&rsquo;on peut emprunter pour se reconnecter \u00e0 soi, retrouver son Essence et ses aspirations&#8230; Vous aider \u00e0 atteindre l&rsquo;\u00e9quilibre [&hellip;]","og_url":"https:\/\/chemins-essenciel.fr\/","og_site_name":"chemins-essenciel.fr","article_modified_time":"2022-04-14T15:43:17+00:00","og_image":[{"url":"https:\/\/chemins-essenciel.fr\/wp-content\/uploads\/2022\/04\/Juste-pour-aujourdhui-scaled.jpg"}],"twitter_card":"summary_large_image","twitter_misc":{"Dur\u00e9e de lecture estim\u00e9e":"3 minutes"},"schema":{"@context":"https:\/\/schema.org","@graph":[{"@type":"WebPage","@id":"https:\/\/chemins-essenciel.fr\/","url":"https:\/\/chemins-essenciel.fr\/","name":"Les Chemins de l'EssenCiel - chemins-essenciel.fr","isPartOf":{"@id":"https:\/\/chemins-essenciel.fr\/#website"},"datePublished":"2020-05-12T03:43:03+00:00","dateModified":"2022-04-14T15:43:17+00:00","breadcrumb":{"@id":"https:\/\/chemins-essenciel.fr\/#breadcrumb"},"inLanguage":"fr-FR","potentialAction":[{"@type":"ReadAction","target":["https:\/\/chemins-essenciel.fr\/"]}]},{"@type":"BreadcrumbList","@id":"https:\/\/chemins-essenciel.fr\/#breadcrumb","itemListElement":[{"@type":"ListItem","position":1,"name":"Accueil","item":"https:\/\/chemins-essenciel.fr\/"},{"@type":"ListItem","position":2,"name":"Les Chemins de l&rsquo;EssenCiel"}]},{"@type":"WebSite","@id":"https:\/\/chemins-essenciel.fr\/#website","url":"https:\/\/chemins-essenciel.fr\/","name":"chemins-essenciel.fr","description":"Just another WordPress site","publisher":{"@id":"https:\/\/chemins-essenciel.fr\/#organization"},"potentialAction":[{"@type":"SearchAction","target":{"@type":"EntryPoint","urlTemplate":"https:\/\/chemins-essenciel.fr\/?s={search_term_string}"},"query-input":"required name=search_term_string"}],"inLanguage":"fr-FR"},{"@type":"Organization","@id":"https:\/\/chemins-essenciel.fr\/#organization","name":"chemins-essenciel.fr","url":"https:\/\/chemins-essenciel.fr\/","sameAs":[],"logo":{"@type":"ImageObject","inLanguage":"fr-FR","@id":"https:\/\/chemins-essenciel.fr\/#\/schema\/logo\/image\/","url":"https:\/\/chemins-essenciel.fr\/wp-content\/uploads\/2022\/03\/cropped-Illustration-2500px-transparent-1.png","contentUrl":"https:\/\/chemins-essenciel.fr\/wp-content\/uploads\/2022\/03\/cropped-Illustration-2500px-transparent-1.png","width":2500,"height":1676,"caption":"chemins-essenciel.fr"},"image":{"@id":"https:\/\/chemins-essenciel.fr\/#\/schema\/logo\/image\/"}}]}},"_links":{"self":[{"href":"https:\/\/chemins-essenciel.fr\/index.php?rest_route=\/wp\/v2\/pages\/217","targetHints":{"allow":["GET"]}}],"collection":[{"href":"https:\/\/chemins-essenciel.fr\/index.php?rest_route=\/wp\/v2\/pages"}],"about":[{"href":"https:\/\/chemins-essenciel.fr\/index.php?rest_route=\/wp\/v2\/types\/page"}],"author":[{"embeddable":true,"href":"https:\/\/chemins-essenciel.fr\/index.php?rest_route=\/wp\/v2\/users\/1"}],"replies":[{"embeddable":true,"href":"https:\/\/chemins-essenciel.fr\/index.php?rest_route=%2Fwp%2Fv2%2Fcomments&post=217"}],"version-history":[{"count":218,"href":"https:\/\/chemins-essenciel.fr\/index.php?rest_route=\/wp\/v2\/pages\/217\/revisions"}],"predecessor-version":[{"id":1411,"href":"https:\/\/chemins-essenciel.fr\/index.php?rest_route=\/wp\/v2\/pages\/217\/revisions\/1411"}],"wp:attachment":[{"href":"https:\/\/chemins-essenciel.fr\/index.php?rest_route=%2Fwp%2Fv2%2Fmedia&parent=217"}],"curies":[{"name":"wp","href":"https:\/\/api.w.org\/{rel}","templated":true}]}}